{"id":28,"date":"2020-07-03T17:50:24","date_gmt":"2020-07-03T15:50:24","guid":{"rendered":"https:\/\/test.montessori-baden-wuerttemberg.de\/?page_id=28"},"modified":"2025-02-01T03:25:36","modified_gmt":"2025-02-01T02:25:36","slug":"ueber-uns","status":"publish","type":"page","link":"https:\/\/www.montessori-baden-wuerttemberg.de\/index.php\/ueber-uns\/","title":{"rendered":"\u00dcber uns"},"content":{"rendered":"\t\t<div data-elementor-type=\"wp-page\" data-elementor-id=\"28\" class=\"elementor elementor-28\">\n\t\t\t\t\t\t<section class=\"elementor-section elementor-top-section elementor-element elementor-element-ed188e6 elementor-section-boxed elementor-section-height-default elementor-section-height-default\" data-id=\"ed188e6\" data-element_type=\"section\">\n\t\t\t\t\t\t<div class=\"elementor-container elementor-column-gap-default\">\n\t\t\t\t\t<div class=\"elementor-column elementor-col-100 elementor-top-column elementor-element elementor-element-4d7e8d8a\" data-id=\"4d7e8d8a\" data-element_type=\"column\">\n\t\t\t<div class=\"elementor-widget-wrap elementor-element-populated\">\n\t\t\t\t\t\t<div class=\"elementor-element elementor-element-4756070a elementor-widget elementor-widget-text-editor\" data-id=\"4756070a\" data-element_type=\"widget\" data-widget_type=\"text-editor.default\">\n\t\t\t\t<div class=\"elementor-widget-container\">\n\t\t\t\t\t\t\t\t\t<h3><span style=\"text-decoration: underline; color: #7ed640;\"><strong>Unsere Struktur<\/strong><\/span><\/h3><p><span style=\"color: #808080;\">Der Montessori-Landesverband Baden-W\u00fcrttemberg (MLV BW) ist <strong>Mitglied im Bundesverband &#8222;Montessori Deutschland&#8220;<\/strong> und dadurch eng vernetzt mit allen anderen Landesverb\u00e4nden und den verschiedensten Ausbildungsorganisationen im gesamten Bundesgebiet. Er geh\u00f6rt zu den <\/span><span style=\"color: #808080;\">Landesverb\u00e4nden, die <strong>eine der h\u00f6chsten Anzahlen von Einzelmitgliedern<\/strong> in ganz Deutschland aufweist. <\/span><\/p><p><span style=\"color: #808080;\">Durch die Mitgliedschaft in unserem Landesverband in seiner Funktion als <span style=\"color: #7ed640;\"><strong>&#8222;Personenvereinigung&#8220;<\/strong><\/span> erh\u00e4lt seit Gr\u00fcndung des Bundesverbands jedes\u00a0 Einzelmitglied automatisch die M\u00f6glichkeit an Montessori Deutschland teilzuhaben, sprich: an allen Vernetzungsangeboten des Bundesverbands teilzunehmen.<\/span><\/p><p><span style=\"color: #808080;\">Auch <strong>viele Bildungseinrichtungen<\/strong> (Montessori-Kinderh\u00e4user, Montessori-Schulen, staatliche Bildungseinrichtungen mit Montessoriprofil, F\u00f6rdervereine &#8230;) waren immer schon Mitglied im MLV BW. Hier war und ist dann unser Landesverband in seiner Rolle als <span style=\"color: #7ed640;\"><strong>&#8222;Einrichtungsverband&#8220;<\/strong><\/span> gefragt.\u00a0<\/span><\/p><p><span style=\"color: #808080;\">Seit Beginn des Jahres 2022 wird unser Landesverband offiziell auch als <span style=\"color: #7ed640;\"><strong>&#8222;Ausbildungsorganisation&#8220;<\/strong><\/span> gef\u00fchrt.\u00a0 Was bedeutet das?<\/span><\/p><p><span style=\"color: #808080;\">Ausbildungsorganisationen geh\u00f6ren zu den Organisationen, die in der Montessori-Bewegung <strong>\u00fcbergeordnet<\/strong> <strong>aktiv<\/strong> sind. Eine vom Bundesverband anerkannte Ausbildungsorganisation muss \u00fcber ein eigenes <a style=\"color: #808080;\" href=\"https:\/\/www.montessori-baden-wuerttemberg.de\/wp-content\/uploads\/2021\/12\/Diplomkurskonzeption-5.12.2021-fuer-MD.pdf\"><strong>Kurskonzept<\/strong><\/a> verf\u00fcgen, welches in den vergangenen Jahren von engagierten Mitgliedern der Dozentenkonferenz-S\u00fcd entwickelt und erfolgreich erprobt wurde. Dem Konzept liegt der sogenannte <a style=\"color: #808080;\" href=\"https:\/\/www.montessori-deutschland.de\/ueber-uns\/qualitaetsrahmen\/\"><strong>Qualit\u00e4tsrahmen<\/strong><\/a> zugrunde, auf dessen Einhaltung sich die Ausbilder unseres Landesverbands verpflichten. Auf diesem Kurskonzept basierende Kurse k\u00f6nnen entweder durch den Landesverband selbst oder durch andere lizenzierte Kursanbieter durchgef\u00fchrt werden. Unser Landesverband in seiner Rolle als Ausbildungsorganisation verpflichtet sich, P\u00e4dagog*innen zu Dozent*innen weiterzubilden und sie entsprechend zu qualifizieren. Der Landesverband wurde f\u00fcr seine hervorragende Ausbildungsarbeit mit dem G\u00fctesiegel des Bundesverbands ausgezeichnet. <br \/><\/span><\/p><h3><span style=\"text-decoration: underline; color: #7ed640;\"><strong>Ziele und Angebote:<\/strong><\/span><\/h3><p><span style=\"color: #808080;\"><strong>Gemeinsam mit den anderen vom Bundesverband anerkannten Ausbildungsorganisationen und Landesverb\u00e4nden setzen wir uns daf\u00fcr ein, dass der hohe Stellenwert der Montessori-P\u00e4dagogik von unserer Gesellschaft erkannt wird. <br \/><\/strong><\/span><\/p><p><span style=\"color: #808080;\"><strong>Der Montessori-Landesverband unterst\u00fctzt satzungsgem\u00e4\u00df Einrichtungen, welche die Bildung im Sinne der Montessori-P\u00e4dagogik f\u00f6rdern.<\/strong> Dabei k\u00f6nnen die entsprechenden Einrichtungen dem vorschulischen, schulischen oder au\u00dferschulischen Bereich entstammen. <\/span><\/p><p><span style=\"color: #808080;\"><strong>Wir informieren<\/strong> <strong>die \u00d6ffentlichkeit<\/strong> \u00fcber die Montessori-P\u00e4dagogik und die von ihr entworfenen Bildungsprinzipien.<\/span><\/p><p><span style=\"color: #808080;\"><strong>Wir bieten Diplom- und Zertifikatskurse<\/strong> <strong>an<\/strong>, und sorgen dadurch f\u00fcr eine qualifizierte Ausbildung weiterer Montessorip\u00e4dagog*innen.<\/span><\/p><p><span style=\"color: #808080;\">Innerhalb einer <strong>Jahrestagung<\/strong> gibt es \u00a0 <strong>vielf\u00e4ltige Workshops und Vortr\u00e4ge<\/strong>, die die Montessori-P\u00e4dagogik aus verschiedenen Perspektiven wiederspiegeln. Neu gegr\u00fcndete Einrichtungen erhalten Gelegenheit, sich auf der Tagung pers\u00f6nlich vorzustellen, und <strong>die Vernetzung zwischen allen an der Montessori-P\u00e4dagogik Interessierten wird gef\u00f6rdert<\/strong>. Im Rahmen einer Mitgliederversammlung gibt der Vorstand einen Rechenschaftsbericht \u00fcber seine T\u00e4tigkeiten ab.<\/span><\/p><p><span style=\"color: #808080;\">\u00a0<\/span><\/p><p><span style=\"color: #808080;\">Einmal j\u00e4hrlich erscheint die <strong>Mitgliederzeitschrift<\/strong> mit Informationen, p\u00e4dagogischen Beitr\u00e4gen und Anregungen. <\/span><\/p><p><span style=\"color: #808080;\">Die <strong>Website<\/strong> des Landesverbandes stellt ein <strong>intensiv genutztes Forum zum Austausch aktueller Informationen<\/strong> dar und <strong>gibt Auskunft \u00fcber aktuell ausgeschriebene Stellen und stattfindende Aus- und Fortbildungsangebote<\/strong>.<\/span><\/p><p><span style=\"color: #808080;\">\u00a0<\/span><\/p>\t\t\t\t\t\t\t\t<\/div>\n\t\t\t\t<\/div>\n\t\t\t\t\t<\/div>\n\t\t<\/div>\n\t\t\t\t\t<\/div>\n\t\t<\/section>\n\t\t\t\t<\/div>\n\t\t","protected":false},"excerpt":{"rendered":"<p>Unsere Struktur Der Montessori-Landesverband Baden-W\u00fcrttemberg (MLV BW) ist Mitglied im Bundesverband &#8222;Montessori Deutschland&#8220; und dadurch eng vernetzt mit allen anderen Landesverb\u00e4nden und den verschiedensten Ausbildungsorganisationen im gesamten Bundesgebiet. Er geh\u00f6rt zu den Landesverb\u00e4nden, die eine [&hellip;]<\/p>\n","protected":false},"author":2,"featured_media":0,"parent":0,"menu_order":0,"comment_status":"closed","ping_status":"closed","template":"","meta":{"footnotes":""},"class_list":["post-28","page","type-page","status-publish","hentry"],"_links":{"self":[{"href":"https:\/\/www.montessori-baden-wuerttemberg.de\/index.php\/wp-json\/wp\/v2\/pages\/28","targetHints":{"allow":["GET"]}}],"collection":[{"href":"https:\/\/www.montessori-baden-wuerttemberg.de\/index.php\/wp-json\/wp\/v2\/pages"}],"about":[{"href":"https:\/\/www.montessori-baden-wuerttemberg.de\/index.php\/wp-json\/wp\/v2\/types\/page"}],"author":[{"embeddable":true,"href":"https:\/\/www.montessori-baden-wuerttemberg.de\/index.php\/wp-json\/wp\/v2\/users\/2"}],"replies":[{"embeddable":true,"href":"https:\/\/www.montessori-baden-wuerttemberg.de\/index.php\/wp-json\/wp\/v2\/comments?post=28"}],"version-history":[{"count":25,"href":"https:\/\/www.montessori-baden-wuerttemberg.de\/index.php\/wp-json\/wp\/v2\/pages\/28\/revisions"}],"predecessor-version":[{"id":5788,"href":"https:\/\/www.montessori-baden-wuerttemberg.de\/index.php\/wp-json\/wp\/v2\/pages\/28\/revisions\/5788"}],"wp:attachment":[{"href":"https:\/\/www.montessori-baden-wuerttemberg.de\/index.php\/wp-json\/wp\/v2\/media?parent=28"}],"curies":[{"name":"wp","href":"https:\/\/api.w.org\/{rel}","templated":true}]}}