{"id":157,"date":"2020-07-17T16:33:35","date_gmt":"2020-07-17T14:33:35","guid":{"rendered":"https:\/\/test.montessori-baden-wuerttemberg.de\/?page_id=157"},"modified":"2025-12-29T16:07:57","modified_gmt":"2025-12-29T15:07:57","slug":"montessori-therapie-ausbildung","status":"publish","type":"page","link":"https:\/\/www.montessori-baden-wuerttemberg.de\/index.php\/montessori-therapie-ausbildung\/","title":{"rendered":"Montessori-Therapie-Fortbildung"},"content":{"rendered":"\t\t<div data-elementor-type=\"wp-page\" data-elementor-id=\"157\" class=\"elementor elementor-157\">\n\t\t\t\t\t\t<section class=\"elementor-section elementor-top-section elementor-element elementor-element-76fc384 elementor-section-boxed elementor-section-height-default elementor-section-height-default\" data-id=\"76fc384\" data-element_type=\"section\">\n\t\t\t\t\t\t<div class=\"elementor-container elementor-column-gap-default\">\n\t\t\t\t\t<div class=\"elementor-column elementor-col-100 elementor-top-column elementor-element elementor-element-c82a7df\" data-id=\"c82a7df\" data-element_type=\"column\">\n\t\t\t<div class=\"elementor-widget-wrap elementor-element-populated\">\n\t\t\t\t\t\t<div class=\"elementor-element elementor-element-3008df1 elementor-widget elementor-widget-heading\" data-id=\"3008df1\" data-element_type=\"widget\" data-widget_type=\"heading.default\">\n\t\t\t\t<div class=\"elementor-widget-container\">\n\t\t\t\t\t<h2 class=\"elementor-heading-title elementor-size-default\">Montessori-Therapie-Fortbildung<br><br>Multidimensionale funktionelle Komplextherapie (MfK)<br><\/h2>\t\t\t\t<\/div>\n\t\t\t\t<\/div>\n\t\t\t\t\t<\/div>\n\t\t<\/div>\n\t\t\t\t\t<\/div>\n\t\t<\/section>\n\t\t\t\t<section class=\"elementor-section elementor-top-section elementor-element elementor-element-cca3757 elementor-section-boxed elementor-section-height-default elementor-section-height-default\" data-id=\"cca3757\" data-element_type=\"section\">\n\t\t\t\t\t\t<div class=\"elementor-container elementor-column-gap-default\">\n\t\t\t\t\t<div class=\"elementor-column elementor-col-100 elementor-top-column elementor-element elementor-element-cdcf48f\" data-id=\"cdcf48f\" data-element_type=\"column\">\n\t\t\t<div class=\"elementor-widget-wrap elementor-element-populated\">\n\t\t\t\t\t\t<div class=\"elementor-element elementor-element-764a16a elementor-widget elementor-widget-image\" data-id=\"764a16a\" data-element_type=\"widget\" data-widget_type=\"image.default\">\n\t\t\t\t<div class=\"elementor-widget-container\">\n\t\t\t\t\t\t\t\t\t\t\t\t\t\t\t<img decoding=\"async\" width=\"133\" height=\"120\" src=\"https:\/\/www.montessori-baden-wuerttemberg.de\/wp-content\/uploads\/2022\/07\/Logo-Montessori-Therapie.png\" class=\"attachment-large size-large wp-image-4212\" alt=\"\" \/>\t\t\t\t\t\t\t\t\t\t\t\t\t\t\t<\/div>\n\t\t\t\t<\/div>\n\t\t\t\t\t<\/div>\n\t\t<\/div>\n\t\t\t\t\t<\/div>\n\t\t<\/section>\n\t\t\t\t<section class=\"elementor-section elementor-top-section elementor-element elementor-element-45aa12c elementor-section-boxed elementor-section-height-default elementor-section-height-default\" data-id=\"45aa12c\" data-element_type=\"section\">\n\t\t\t\t\t\t<div class=\"elementor-container elementor-column-gap-default\">\n\t\t\t\t\t<div class=\"elementor-column elementor-col-100 elementor-top-column elementor-element elementor-element-d558100\" data-id=\"d558100\" data-element_type=\"column\">\n\t\t\t<div class=\"elementor-widget-wrap elementor-element-populated\">\n\t\t\t\t\t\t<div class=\"elementor-element elementor-element-c75222a elementor-widget elementor-widget-text-editor\" data-id=\"c75222a\" data-element_type=\"widget\" data-widget_type=\"text-editor.default\">\n\t\t\t\t<div class=\"elementor-widget-container\">\n\t\t\t\t\t\t\t\t\t<h3 style=\"text-align: center;\"><span style=\"color: #2525b8;\"><strong>Der Kurs 2023 &#8211; 2025 ist abgeschlossen.<\/strong><\/span><\/h3><h3 style=\"text-align: center;\"><span style=\"color: #2525b8;\"><strong>Neue Seminartage \/ Kurse ab 2026\u00a0 werden ver\u00f6ffentlicht, sobald die Planungen vorliegen. <\/strong><\/span><\/h3>\t\t\t\t\t\t\t\t<\/div>\n\t\t\t\t<\/div>\n\t\t\t\t\t<\/div>\n\t\t<\/div>\n\t\t\t\t\t<\/div>\n\t\t<\/section>\n\t\t\t\t<section class=\"elementor-section elementor-top-section elementor-element elementor-element-34974e5 elementor-section-boxed elementor-section-height-default elementor-section-height-default\" data-id=\"34974e5\" data-element_type=\"section\">\n\t\t\t\t\t\t<div class=\"elementor-container elementor-column-gap-default\">\n\t\t\t\t\t<div class=\"elementor-column elementor-col-100 elementor-top-column elementor-element elementor-element-cd66e46\" data-id=\"cd66e46\" data-element_type=\"column\">\n\t\t\t<div class=\"elementor-widget-wrap elementor-element-populated\">\n\t\t\t\t\t\t<div class=\"elementor-element elementor-element-4635c2d elementor-widget elementor-widget-spacer\" data-id=\"4635c2d\" data-element_type=\"widget\" data-widget_type=\"spacer.default\">\n\t\t\t\t<div class=\"elementor-widget-container\">\n\t\t\t\t\t\t\t<div class=\"elementor-spacer\">\n\t\t\t<div class=\"elementor-spacer-inner\"><\/div>\n\t\t<\/div>\n\t\t\t\t\t\t<\/div>\n\t\t\t\t<\/div>\n\t\t\t\t\t<\/div>\n\t\t<\/div>\n\t\t\t\t\t<\/div>\n\t\t<\/section>\n\t\t\t\t<section class=\"elementor-section elementor-top-section elementor-element elementor-element-4978aeac elementor-section-boxed elementor-section-height-default elementor-section-height-default\" data-id=\"4978aeac\" data-element_type=\"section\">\n\t\t\t\t\t\t<div class=\"elementor-container elementor-column-gap-default\">\n\t\t\t\t\t<div class=\"elementor-column elementor-col-100 elementor-top-column elementor-element elementor-element-2e265842\" data-id=\"2e265842\" data-element_type=\"column\">\n\t\t\t<div class=\"elementor-widget-wrap elementor-element-populated\">\n\t\t\t\t\t\t<div class=\"elementor-element elementor-element-4ed1a53 elementor-widget elementor-widget-text-editor\" data-id=\"4ed1a53\" data-element_type=\"widget\" data-widget_type=\"text-editor.default\">\n\t\t\t\t<div class=\"elementor-widget-container\">\n\t\t\t\t\t\t\t\t\t<p><strong><span style=\"color: #808080;\">Ausbildungszeitraum:<\/span><\/strong><\/p><ul><li style=\"list-style-type: none;\"><ul><li><span style=\"color: #808080;\">Start am Dienstag, 11.04.2023<\/span><\/li><\/ul><\/li><\/ul><ul><li style=\"list-style-type: none;\"><ul><li><span style=\"color: #808080;\">Ende mit Kolloquium und Abschlussfeier am Sonntag, 09.02.2025<\/span><\/li><\/ul><\/li><\/ul><p><strong><span style=\"color: #808080;\">Zeitlicher Umfang:<\/span><\/strong><\/p><ul><li style=\"list-style-type: none;\"><ul><li><span style=\"color: #808080;\">Die berufsbegleitende Fortbildung umfasst 750 Stunden in Theorie und Praxis.<\/span><\/li><\/ul><\/li><\/ul><p><span style=\"color: #808080;\"><strong>Inhalte:<\/strong><\/span><\/p><ul><li style=\"list-style-type: none;\"><ul><li><span style=\"color: #808080;\">Die Fortbildungsinhalte basieren auf der Montessori-P\u00e4dagogik unter Nutzung zus\u00e4tzlicher Fachbereiche insbesondere der Sozialp\u00e4diatrie, P\u00e4diatrie, Neurop\u00e4diatrie\/ Psychologie\/ Sozialp\u00e4dagogik\/ Psychotherapie. Einzel- und Gruppentherapie werden unter dem Aspekt der F\u00f6rderung mit dem Ziel der Integration und Inklusion gelehrt.<\/span><\/li><\/ul><\/li><\/ul><p><strong><span style=\"color: #808080;\">Ziel:<\/span><\/strong><\/p><ul><li style=\"list-style-type: none;\"><ul><li><span style=\"color: #808080;\">Nach erfolgreich bestandener Abschlusspr\u00fcfung der Montessori-Therapie-Fortbildung ist der Montessori-Therapeut bef\u00e4higt, selbstst\u00e4ndig therapeutisch mit mehrfach und verschiedenartig behinderten und von k\u00f6rperlicher, geistiger und\/oder seelischer Behinderung bedrohten Kindern und Jugendlichen sowie deren Bezugspersonen therapeutisch zu arbeiten. Er ist bef\u00e4higt, ihm unterstellte Mitarbeiter sowohl in therapeutischer als auch heilp\u00e4dagogischer Arbeit und im Arbeitsfeld der Inklusion anzuleiten.<\/span><\/li><\/ul><\/li><\/ul><p><strong><span style=\"color: #808080;\">Kosten:<\/span><\/strong><\/p><ul><li style=\"list-style-type: none;\"><ul><li><span style=\"color: #808080;\">6300.- \u20ac \/ verschiedene Bezahlmodelle und Rabatte m\u00f6glich<\/span><\/li><\/ul><\/li><\/ul><p><strong><span style=\"color: #808080;\">Kursort:<\/span><\/strong><\/p><ul><li style=\"list-style-type: none;\"><ul><li><span style=\"color: #808080;\">Online \u00fcber MS-Teams <\/span><\/li><li><span style=\"color: #808080;\">Pr\u00e4senz im Gro\u00dfraum M\u00fcnchen (je 2 Wochen pro Jahr in Pr\u00e4senz)<\/span><\/li><\/ul><\/li><\/ul><p><span style=\"color: #808080;\"><strong>Tr\u00e4ger:<br \/><\/strong><\/span><\/p><ul><li style=\"list-style-type: none;\"><ul><li><span style=\"color: #808080;\">Montessori-Berufsverband e. V. <br \/><\/span><\/li><\/ul><\/li><\/ul><p><span style=\"color: #808080;\"><strong>Anmeldung:<\/strong><\/span><\/p><ul><li style=\"list-style-type: none;\"><ul><li><a href=\"mailto:info.montessori.berufsverband@gmail.com\"><b><span style=\"color: #3366ff;\">info.montessori.berufsverband@gmail.com <\/span><\/b><\/a><\/li><li><span style=\"color: #808080;\">Anmeldeschluss: 30. September 2022<\/span><\/li><\/ul><\/li><\/ul><p><strong><span style=\"color: #808080;\">Weitere Infos und Anmeldeformular unter:<\/span> <\/strong><\/p><ul><li style=\"list-style-type: none;\"><ul><li><span style=\"text-decoration: underline;\"><strong><span style=\"color: #ff9900; text-decoration: underline;\"><a style=\"color: #ff9900; text-decoration: underline;\" href=\"http:\/\/www.montessori-berufsverband.de\/montessori-therapie-fortbildung.html\"><span style=\"color: #ff6600; text-decoration: underline;\"><span style=\"color: #333399; text-decoration: underline;\">www.montessori-berufsverband.de\/montessori-therapie-fortbildung<\/span><\/span><\/a><\/span><\/strong><\/span><\/li><\/ul><\/li><\/ul>\t\t\t\t\t\t\t\t<\/div>\n\t\t\t\t<\/div>\n\t\t\t\t\t<\/div>\n\t\t<\/div>\n\t\t\t\t\t<\/div>\n\t\t<\/section>\n\t\t\t\t<section class=\"elementor-section elementor-top-section elementor-element elementor-element-bbb2828 elementor-section-boxed elementor-section-height-default elementor-section-height-default\" data-id=\"bbb2828\" data-element_type=\"section\">\n\t\t\t\t\t\t<div class=\"elementor-container elementor-column-gap-default\">\n\t\t\t\t\t<div class=\"elementor-column elementor-col-100 elementor-top-column elementor-element elementor-element-75fd0c5\" data-id=\"75fd0c5\" data-element_type=\"column\">\n\t\t\t<div class=\"elementor-widget-wrap elementor-element-populated\">\n\t\t\t\t\t\t<div class=\"elementor-element elementor-element-ebde2ea elementor-widget elementor-widget-image\" data-id=\"ebde2ea\" data-element_type=\"widget\" data-widget_type=\"image.default\">\n\t\t\t\t<div class=\"elementor-widget-container\">\n\t\t\t\t\t\t\t\t\t\t\t\t\t\t\t<img decoding=\"async\" width=\"133\" height=\"120\" src=\"https:\/\/www.montessori-baden-wuerttemberg.de\/wp-content\/uploads\/2022\/07\/Logo-Montessori-Therapie.png\" class=\"attachment-large size-large wp-image-4212\" alt=\"\" \/>\t\t\t\t\t\t\t\t\t\t\t\t\t\t\t<\/div>\n\t\t\t\t<\/div>\n\t\t\t\t\t<\/div>\n\t\t<\/div>\n\t\t\t\t\t<\/div>\n\t\t<\/section>\n\t\t\t\t<\/div>\n\t\t","protected":false},"excerpt":{"rendered":"<p>Montessori-Therapie-Fortbildung Multidimensionale funktionelle Komplextherapie (MfK) Der Kurs 2023 &#8211; 2025 ist abgeschlossen. Neue Seminartage \/ Kurse ab 2026\u00a0 werden ver\u00f6ffentlicht, sobald die Planungen vorliegen. Ausbildungszeitraum: Start am Dienstag, 11.04.2023 Ende mit Kolloquium und Abschlussfeier am [&hellip;]<\/p>\n","protected":false},"author":2,"featured_media":0,"parent":0,"menu_order":0,"comment_status":"closed","ping_status":"closed","template":"","meta":{"footnotes":""},"class_list":["post-157","page","type-page","status-publish","hentry"],"_links":{"self":[{"href":"https:\/\/www.montessori-baden-wuerttemberg.de\/index.php\/wp-json\/wp\/v2\/pages\/157","targetHints":{"allow":["GET"]}}],"collection":[{"href":"https:\/\/www.montessori-baden-wuerttemberg.de\/index.php\/wp-json\/wp\/v2\/pages"}],"about":[{"href":"https:\/\/www.montessori-baden-wuerttemberg.de\/index.php\/wp-json\/wp\/v2\/types\/page"}],"author":[{"embeddable":true,"href":"https:\/\/www.montessori-baden-wuerttemberg.de\/index.php\/wp-json\/wp\/v2\/users\/2"}],"replies":[{"embeddable":true,"href":"https:\/\/www.montessori-baden-wuerttemberg.de\/index.php\/wp-json\/wp\/v2\/comments?post=157"}],"version-history":[{"count":58,"href":"https:\/\/www.montessori-baden-wuerttemberg.de\/index.php\/wp-json\/wp\/v2\/pages\/157\/revisions"}],"predecessor-version":[{"id":6319,"href":"https:\/\/www.montessori-baden-wuerttemberg.de\/index.php\/wp-json\/wp\/v2\/pages\/157\/revisions\/6319"}],"wp:attachment":[{"href":"https:\/\/www.montessori-baden-wuerttemberg.de\/index.php\/wp-json\/wp\/v2\/media?parent=157"}],"curies":[{"name":"wp","href":"https:\/\/api.w.org\/{rel}","templated":true}]}}